11 - -7 - 21) + -7 + (-1 - -1).
-10
Evaluate -4 - -19 - (-4 + -20 + 26).
13
2 + -2 + -5 + (2 - (-4 + 8))
-7
0 + 1 - ((-31 - -5) + 4)
23
Evaluate 6 + (18 - 9) + -14 + -7.
-6
Calculate 162 + -140 - (-6 - -21).
7
What is the value of (5 + 8 + -16 - (2 + 1)) + 14?
8
Evaluate 4 + 1 - ((-28 - -70) + -39).
2
-103 + 109 - (2 + 12)
-8
What is -4 - (-7 + 1 + 1 - 0) - 6?
-5
What is the value of 1 + (-1 - -2 - -2) - (-1 - -7)?
-2
Calculate 3 + -15 + (-2 - -6) + 3 + 20.
15
What is the value of -177 + 202 - (13 + 1)?
11
9 - ((1 - 22) + 16)
14
Evaluate 6 + (10 - 7 - (1 + -2)).
10
Calculate -17 + 3 + 11 + -12.
-15
What is the value of (1 - (-5 - -1)) + (168 + -121 - 56)?
-4
Evaluate -1 + 1 - ((-15 - -19) + -6).
2
Calculate (0 - 11) + -3 - ((-6 - -33) + -25).
-16
What is 35 + (-1 - 0) - (-616 - -626)?
24
Calculate 12 - (26 + 4) - -13.
-5
10 + -5 + -1 - (-10 - -28)
-14
(-7 - -13) + -8 - 5
-7
(0 - ((5 - -3) + -11)) + -17
-14
Calculate 8 + 4 + -1 + 6 + -6 + -6.
5
Calculate (-1 - (0 + -2 - 10)) + (183 - 180).
14
Evaluate 9 - ((-14 - 10 - -6) + 0).
27
What is (-16 - -14) + 3 + (-11 - -6)?
-4
219 + -210 + 1 + (16 - 4) + 2
24
What is the value of -78 + 86 - ((-4 - -6) + -6)?
12
Calculate -36 - -10 - 8 - -27.
-7
What is -18 - (17 - 19 - 0)?
-16
What is the value of (9 - (15 + 4 + -1)) + -7?
-16
Evaluate 0 + 10 + -7 - (0 - -3).
0
20 - (-5 + (27 - 1))
-1
Evaluate 0 + -8 - ((-8 - 6) + -2).
8
Calculate 2 + -9 + -1 + -3 + 6 + -5.
-10
Evaluate (-3 - 1 - (20 - 12)) + (1 - 1).
-12
What is the value of -3 + 1 + -6 - -3 - (7 - 3)?
-9
Calculate (13 - (16 - -14)) + 11.
-6
Evaluate -19 + -4 - (-11 - -9).
-21
What is (-22 - (2 - 2)) + 224 + -222?
-20
Evaluate 8 - ((-6 - (4 + (-10 - 4))) + -10).
14
What is (9 - 0) + -8 + 3 + -12 + 16?
8
-8 - -5 - 7 - (-9 + 8 + 8)
-17
Evaluate 8 - (5 + 5 + (-12 - -2) + 13).
-5
Evaluate 2 - -1 - (12 + -9 + 1 + 3).
-4
Evaluate -1 + (4 - (-9 - -20 - 30)).
22
Calculate 6 + (8 - (-19 - -15)).
18
Calculate 1 - ((-1 + -3 - -13) + 0 + -1).
-7
-21 - 2 - -5 - -14
-4
What is the value of (10 - 16) + 8 + -1 + 11?
12
What is 4 + 14 + -7 + 8 + (-3 - 4)?
12
What is the value of -89 + 105 + (-20 - 1)?
-5
Evaluate -8 - 0 - (17 - (1 - -13)).
-11
What is 37 + 2 + (15 - 40)?
14
Evaluate (-26 - (-1 + -2)) + (32 - 26) - -7.
-10
Calculate 7 - 2 - (-4 + 4) - (97 - 97).
5
What is -13 + 9 + 3 + -2 + 37 - -5?
39
What is the value of 6 - ((15 - 2 - 2) + -14 + 14)?
-5
What is -5 + 9 + 7 + -2 + (-13 - -6)?
2
What is the value of 19 - (-1 - 0) - (52 + -24 + -23)?
15
What is 1 + 3 + ((-6 - 5) + 5 - -8)?
6
What is the value of (5 - 7) + -15 - (-22 + 8)?
-3
(-16 - (2 + -21)) + -4 + -2
-3
What is 67 + -55 + 24 - 21?
15
Evaluate -10 + (-27 - (-14 + -1 + -1)).
-21
Calculate 7 - 6 - (13 + -6 + -22).
16
Calculate 0 - (27 + -12 - 2).
-13
Evaluate 12 + -32 + 29 + (17 - 3).
23
11 + (21 - 12) - 15
5
What is the value of 0 + (3 - 11 - (5 - -1 - 6))?
-8
-8 - (6 + (-6 - -6))
-14
Evaluate -27 - (-5 + -16) - -2.
-4
Evaluate 17 + (-30 - -4) + -4.
-13
2 + (-1 - 2) + 5 + 2417 + -2403
18
9 + ((7 - -2) + 10 - -1)
29
-2 - (-1 - -13 - (2 - (-3 + 3)))
-12
-9 + (-9 + 7 + 5 - -5 - 1)
-2
Evaluate 0 - (-14 - (0 - (8 + -12))).
18
What is -1 - 6 - (82 - 82)?
-7
What is the value of -3 + -4 - (4 - (-22 + 20))?
-13
Evaluate -11 + 7 - ((4 - 4) + 3).
-7
Evaluate -7 - (10 - (15 + -3)).
-5
What is the value of -7 + (-7 - -14) + -8 + 17?
9
Evaluate (36 - (23 - -31)) + 12 + -3 + 3.
-6
Calculate 13 + -8 + 4 - -2.
11
Evaluate 1 - 1 - (-18 - (13 + -31)) - 5.
-5
Evaluate 14 - (20 - 21) - 9.
6
(1 + 2 + -3 - (-47 - -45)) + -10
-8
Evaluate -17 + 0 - (13 + 15 + -25 - -2).
-22
Evaluate 0 - (19 + -9 + 1 + 1).
-12
Calculate 1 - (5 + 7 + -13 + 14).
-12
-42 - -48 - (0 + -3)
9
Evaluate -30 - (6 + (-13 - 4)).
-19
Evaluate 3 + 10 + (-24 - -2).
-9
Calculate (-5 - 0) + 15 + 3 + -20.
-7
Evaluate -18 + 28 + -12 + (-39 - -1) + 7.
-33
What is 2 + -12 + (6 + (-9 - -1) - 2)?
-14
What is the value of (-2 - (16 + -12)) + (-2 - -4) + 0?
-4
Calculate 15 - ((-6 - 5) + 10 - (-8 - 1)).
7
Evaluate (1 - 1) + (-57 - -51) + 0 + 0.
-6
Evaluate (14 - (-12 - -41)) + -9.
-24
What is -13 - -27 - (-1 - (-32 - -8))?
-9
What is (-7 - -2 - -11) + -6?
0
What is the value of (-7 - 0) + -13 + 16 + 8?
4
Calculate (3 - 12 - (-12 + (-1 - -10))) + -9.
-15
What is the value of 0 + 34 + -17 - 13 - -32?
36
Calculate 11 + -2 + -12 + 10 - -5.
12
What is the value of -19 - (-6 - -23) - -11?
-25
27 + 4 + 13 - 47
-3
15 - (4 - (-12 - -4))
3
Evaluate -1 - (2 - 11) - (25 + -36).
19
What is the value of -5 + 1 + (-4 - -3 - -5) + -8?
-8
Calculate (-2 - 8) + 3 - (7 + -11 + -5).
2
(-10 - -6) + -6 + 4 + 2 + 1
-3
9 + -42 + 32 + -11
-12
-20 - -13 - 26 - -16
-17
What is -3 + (4 + (-5 - -10) - -3) + 11?
20
Evaluate -11 + -9 + 25 - (-15 - 3).
23
26 - (25 + (-23 - -17))
7
(9 - 21) + 7 + 5
0
What is 2 + 2 + -2 + -9 + -19 + 36?
10
What is -9 - (9 + -17) - (1 + -10)?
8
What is the value of 4 - (11 - 4) - (12 + -21)?
6
Evaluate 40 - 38 - ((0 + -1 - -4) + 7).
-8
Calculate -7 + (-7 + 1 + (-110 - -119) - -7).
3
19 + (73 + -70 - (53 - 0))
-31
Evaluate 0 - -14 - (46 - 23).
-9
What is the value of 41 - 33 - (-20 + 6 + -2)?
24
Evaluate -6 - (-20 - (-8 + 14)).
20
What is the value of -5 + (-8 + 10 - -24)?
21
Evaluate -16 + (13 + (-27 - -14) - (-6 - -1)).
-11
Calculate -9 + (-21 - -18) + 17.
5
What is -4 + -1 + 4 + -3 + 4 + 4?
4
10 - (51 + 1 + -30)
-12
What is the value of 0 + -4 + -2 - (1 + -10)?
3
What is 3042 + -3041 - (-1 + 0 + -9)?
11
Calculate (-2 + 3 - -1) + (33 - 21) + -24.
-10
What is (-58 - -29) + 70 + -29?
12
-8 + -4 + 26 + 12
26
Calculate -21 - ((27 - 27) + 0).
-21
What is 75 - (54 + 12) - (13 - 1)?
-3
Evaluate 1 + 8 + (3 - -16 - 41).
-13
What is the value of -31 + (3 - (-5 - -24)) + 10?
-37
Calculate -20 - (5 + -1 - (188 + -171)).
-7
Evaluate 21 + 2 + (-32 - 3).
-12
-109 + 103 + (-12 + 2 - 0)
-16
What is the value of (19 - 8) + -27 + 3?
-13
What is -4 + 10 + -6 + 29 + -7?
22
What is 0 - -7 - (-18 + 26 + 10 + -23)?
12
What is the value of 0 - (24 - (6 - -8))?
-10
What is the value of -3 + (4 - 0) + 19 + -4?
16
Evaluate (10 + -10 - 16) + (7 - -25).
16
-41 - (-21 + 30 + -33)
-17
What is -2 + -1 + (-72 + 20 + 17 - -11)?
-27
-6 - (-8 + (-8 + 11 - 5))
4
Calculate -13 + -4 + -7 + 3 + -1.
-22
Evaluate 3 + (-16 - -21 - 34 - -17).
-9
What is -1 + 10 + -14 + 1 + 10?
6
Calculate 147 - 156 - (-8 - (-2 - (0 + 0))).
-3
Evaluate -28 + 22 - -20 - -12.
26
Evaluate 0 - -11 - (25 - 14) - -9.
9
Calculate -5 - (-15 + 10) - (-1 + -1).
2
What is the value of (58 - (48 - -43)) + (-4 - -1)?
-36
Evaluate 28 + 23 + -23 + -21.
7
Evaluate (6 - 14) + (1 - -3) + -4.
-8
What is the value of 9 - (12 - (13 - -1))?
11
What is the value of (9 + 4 - 9) + -21?
-17
-4 - 6 - (-13 + -14)
17
0 - (14 + -4) - -6 - (15 - -5)
-24
Calculate (28 - (28 - 26)) + -16.
10
What is -3 + 2 + -1 + -15 + 30?
13
Calculate -7 + (-1 - 4 - (-1 + 16 - 14)).
-13
What is the value of (-14 - -14) + (-2 + 4 - 15)?
-13
What is the value of 6 + -8 + -19 + 13?
-8
-17 - (-36 + 22) - -26
23
18 + -26 - (-26 + -1)
19
What is the value of 338 - 326 - (0 + -1)?
13
Calculate -12 - (1 - ((-16 - -9) + 16)).
-4
Evaluate -2 + (-3 - (-19 + 1)) + -6 + 13.
20
Evaluate (-42 - 3) + 45 + -26.
-26
(24 - 1) + (16 - (-1 + (10 - -11)))
19
Calculate -1 + 31 - (-26 - (-18 - 20)).
18
What is the value of -4 + -27 + 23 + (-13 - 0)?
-21
-22 - ((-4 - 4) + 4 - -6 - 12)
-12
-20 + 26 + -54 + 24
-24
9 + -4 - (7 - (5 - (-10 + 4)))
9
Calculate (-11 - -22 - 2) + -4 + -23.
-18
-7 + 9 + (-9 - 7) + 8
-6
What is -6 + 12 + -1 + -5 + 3 - 15?
-12
What is the value of -82 + 77 - (-2 - 2) - 4?
-5
-28 - (3 - 19 - -2)
-14
Calculate -30 + 27 - (2 - -2).
-7
Calculate (8 - ((1 - -6) + -5)) + 3 + 6.
15
What is 0 - (9 - 1) - -8 - (-1 + -9)?
10
What is the value of -35 - (-21 - -62 - 106)?
30
What is -12 + 16 + 8 - 12 - -6?
6
Evaluate (-12 - 5) + -3 - -14.
-6
What is -1 - -14 - (-41 + 32) - 9?
13
What is the value of 14 + 15 + (7 - 44)?
-8
-8 + -59 + 56 + 0 + 1
-10
What is the value of (-37 - (-99 - -23)) + -17?
22
Calculate (-23 - (-1 + 2)) + (-73 - (-201 + 117)).
-13
What is the value of -1 - -1 - (-67 + 52)?
15
What is the value of -13 + 1 + 2 + 1 + 2?
-7
What is 10 - (12 - -3 - (6 + 9 + -7))?
3
Evaluate 11 + 0 + -26 + 30.
15
What is -20 - 1 - (-15 + -8 + 15)?
-13
20 - (0 - (-6 - 3)) - 5
6
Evaluate -3